late v(6).
0
Let j(f) = -5*f. Determine j(-8).
40
Let l(f) = 5*f**2 - 43*f + 13. Give l(9).
31
Let t(h) = h**2 - 6*h - 22. Calculate t(9).
5
Let l(i) = -i**2 + i + 70. Determine l(9).
-2
Let m(w) = -w**3 - 10*w**2 - w + 2. Determine m(-10).
12
Let v(l) = -l**2 - 8*l + 2. Determine v(-8).
2
Let n(b) = -b**3 - 11*b**2 - 12*b - 62. Give n(-10).
-42
Let b(x) = -x**2 - 8*x - 2. Give b(-7).
5
Let j(a) = -a**2 - 20*a - 24. Give j(-19).
-5
Let n(k) = 9*k + 79. What is n(-10)?
-11
Let u(w) = w**3 + 8*w**2 + 3*w + 2. What is u(-3)?
38
Let g(s) = -s + 2. Determine g(-15).
17
Let h(j) = 31*j**2 + 153*j - 2. Give h(-5).
8
Let k(q) = 3*q**2 + 14*q - 5. Calculate k(-5).
0
Let v(p) = -p**3 + 28*p**2 - p + 18. Calculate v(28).
-10
Let k(u) = 2*u + 110. Determine k(-55).
0
Let q(k) = 79*k + 612. Give q(-8).
-20
Let u(h) = -h**3 - 10*h**2 + 14*h - 5. Give u(-11).
-38
Let b(x) = -x**2 - 26*x - 3. Determine b(-24).
45
Let i(m) = -31*m + 105. Give i(3).
12
Let b(u) = u**3 - 2*u**2 + 4*u - 1. What is b(1)?
2
Let m(u) = u**3 - 5*u**2 + 9*u - 14. Calculate m(4).
6
Let z(n) = n**3 + 5*n**2 + 3*n. Give z(-2).
6
Let z(n) = n - 11. Calculate z(5).
-6
Let l(w) = w**2 - 15*w - 39. What is l(18)?
15
Let w(n) = -n**2 - 8*n + 13. What is w(-10)?
-7
Let u(x) = -20*x**3 - x**2 - x. Calculate u(1).
-22
Let l(d) = d**2 - 2*d + 4. Calculate l(5).
19
Let r(h) = -2*h**2 - 6*h - 4. Give r(4).
-60
Let j(q) = q**2 + 2*q - 141. Calculate j(11).
2
Let a(b) = 7*b + 6. Calculate a(-2).
-8
Let v(u) = u**2 - 5*u + 1. What is v(5)?
1
Let k(o) = o**2 - 12*o + 10. Give k(9).
-17
Let g(z) = z**2 + 9*z - 8. What is g(-9)?
-8
Let c(u) = u**3 + 10*u**2 + 9*u + 3. Determine c(-9).
3
Let f(i) = i**2 + 16*i + 23. What is f(-14)?
-5
Let x(g) = 209*g - 1886. What is x(9)?
-5
Let b(p) = -p**3 + 6*p**2 + 2*p + 8. Determine b(6).
20
Let t(a) = -2*a - 30. Give t(-18).
6
Let g(v) = v**2 + 5*v - 3. Give g(-4).
-7
Let a(b) = 2*b - 13. Calculate a(3).
-7
Let g(a) = a**3 + 17*a**2 + 17*a + 26. Give g(-16).
10
Let k(s) = -s**3 - 8*s**2 - 14*s + 9. Give k(-4).
1
Let l(h) = -h**2 + 19*h - 2. What is l(19)?
-2
Let m(u) = 8*u + 2. Calculate m(4).
34
Let y(z) = -z**2 + 8*z. Determine y(7).
7
Let c(l) = -l**3 + 6*l**2 - 2*l + 16. Calculate c(6).
4
Let n(i) = i**3 + 2*i**2 - 24*i - 39. Determine n(-5).
6
Let p(b) = -b**2 - 7*b + 4. Determine p(-7).
4
Let t(n) = 4*n**2 + 2*n + 3. Determine t(-3).
33
Let x(d) = d**2 + 3*d - 4. Calculate x(-8).
36
Let i(f) = -54*f - 104. Give i(-2).
4
Let t(u) = -u**3 - 5*u**2 - 8. Determine t(-5).
-8
Let c(j) = -j**3 + 7*j**2 - 9*j - 3. Calculate c(6).
-21
Let n(a) = 5*a + 61. What is n(-11)?
6
Let q(y) = -11*y - 149. Give q(-12).
-17
Let i(r) = -r**3 - 33*r**2 + 233*r - 37. Determine i(-39).
2
Let z(y) = 7*y + 250. Determine z(-35).
5
Let t(b) = 2*b + 18. Calculate t(-9).
0
Let q(o) = 3*o + 13. Determine q(-7).
-8
Let k(q) = -7*q - 8. Give k(7).
-57
Let x(g) = g**3 + 2*g**2 + 6*g + 5. Determine x(-2).
-7
Let i(f) = -f**3 + 21*f**2 + 21*f + 32. What is i(22)?
10
Let r(s) = s**3 - 15*s**2 - 18*s + 41. Determine r(16).
9
Let q(x) = -x**3 - 34*x**2 + 35*x + 7. Calculate q(-35).
7
Let c(q) = q**2 - 24*q + 86. Give c(20).
6
Let z(v) = -12*v + 6. Calculate z(6).
-66
Let w(i) = -2*i - 25. Determine w(0).
-25
Let m(f) = -3*f - 42. What is m(-7)?
-21
Let n(f) = 10*f - 168. Calculate n(15).
-18
Let y(g) = g**3 + 11*g**2 - 14*g - 6. Determine y(-12).
18
Let q(n) = n**3 + 5*n**2 - n - 4. What is q(-5)?
1
Let k(s) = -50*s**2 + s + 1. Determine k(-1).
-50
Let u(y) = -3*y + 25. Calculate u(9).
-2
Let x(k) = k**2 + 13*k - 30. Calculate x(-15).
0
Let i(f) = f**2 + f + 3. Calculate i(6).
45
Let t(k) = -k**3 - 35*k**2 + 2*k + 71. Determine t(-35).
1
Let t(x) = 3*x + 52. Determine t(-15).
7
Let y(f) = f**3 - 3*f**2 + 2*f. Give y(4).
24
Let r(t) = -5*t**2 - 61*t - 27. Calculate r(-12).
-15
Let x(n) = n**3 + 10*n**2 - 12*n - 15. Calculate x(-11).
-4
Let f(m) = -m**3 + 11*m**2 - 3*m - 4. What is f(11)?
-37
Let l(d) = 2*d**3 + 8*d**2 + 4*d - 9. Determine l(-4).
-25
Let n(f) = f**2 + 4*f - 26. What is n(-6)?
-14
Let p(i) = -15*i. Determine p(1).
-15
Let r(o) = -2*o**2 + 24*o - 15. What is r(10)?
25
Let s(j) = j**3 + 3*j**2 - 8*j - 6. What is s(-5)?
-16
Let f(u) = -15*u**3 - 2*u**2 - 2*u + 3. What is f(1)?
-16
Let o(q) = 62*q - 2. What is o(1)?
60
Let u(f) = 4*f**2 - 6*f - 4. Determine u(5).
66
Let a(c) = c - 9. Calculate a(7).
-2
Let q(y) = -y**3 + 4*y**2 + 6*y - 4. What is q(5)?
1
Let i(s) = 2*s**2 - 36*s + 70. Calculate i(16).
6
Let d(f) = -f**3 + f**2 - 2*f + 13. Give d(0).
13
Let z(t) = -t**2 - 13*t + 34. Calculate z(-15).
4
Let a(p) = -p**2 - 6*p - 4. Calculate a(-5).
1
Let s(c) = -c**3 + 4*c**2 + 7*c - 1. What is s(5)?
9
Let d(z) = -z**3 + 38*z**2 + z - 44. Determine d(38).
-6
Let h(k) = k - 45. Calculate h(0).
-45
Let g(s) = s**3 - 9*s**2 + 5*s + 2. Calculate g(4).
-58
Let w(u) = -u**2 - 5*u + 11. Calculate w(-5).
11
Let x(g) = g**2 + 6*g + 6. What is x(-4)?
-2
Let y(n) = -5*n**2 + n + 1. Give y(-1).
-5
Let j(g) = -15*g + 56. Calculate j(8).
-64
Let y(a) = 2*a + 2. Determine y(-3).
-4
Let m(z) = 2*z**3 + 16*z**2 + 13*z - 21. Give m(-7).
-14
Let h(i) = -65*i - 783. Give h(-12).
-3
Let a(o) = 21*o - 13. Calculate a(-8).
-181
Let j(m) = -m**3 + 36*m + 1. Determine j(6).
1
Let l(t) = -2*t**2 + 4*t + 3. What is l(-3)?
-27
Let a(m) = m**3 - 5*m**2 + 4*m + 7. Calculate a(4).
7
Let h(z) = 4*z + 14. Determine h(-5).
-6
Let a(d) = d**3 - 12*d**2 + 12*d - 12. Determine a(11).
-1
Let d(y) = y**3 - 6*y**2 - 6*y - 12. What is d(6)?
-48
Let i(c) = 8*c**3 + 2*c**2 - 3*c - 3. What is i(-2)?
-53
Let g(j) = 3*j + 88. Give g(-17).
37
Let r(k) = -7*k - 53. Determine r(-9).
10
Let m(l) = -l**2 - 3*l + 21. Determine m(-4).
17
Let h(i) = 32*i + 1123. Give h(-35).
3
Let v(c) = c**3 + 2*c**2 + c - 2. What is v(-3)?
-14
Let l(h) = h**2 + 4*h - 34. Calculate l(-9).
11
Let r(x) = x**3 - 38*x**2 - 38*x - 55. What is r(39)?
-16
Let q(j) = j**3 - 6*j - 5. Calculate q(-2).
-1
Let a(c) = -c - 18. Calculate a(-22).
4
Let f(n) = n - 1. What is f(3)?
2
Let j(v) = 3*v**3 - 34*v**2 - 23*v - 14. Give j(12).
-2
Let h(w) = w**3 + 7*w**2 + 5*w + 6. Determine h(-6).
12
Let p(a) = a**2 - 12*a + 30. Calculate p(8).
-2
Let i(x) = x**2 - 11*x - 9. Give i(12).
3
Let g(s) = -3*s - 2. Calculate g(4).
-14
Let z(p) = p**3 - 11*p**2 - 28*p + 47. Give z(13).
21
Let v(s) = -s**2 + 10*s + 9. What is v(10)?
9
Let z(l) = -2*l - 14. Determine z(-10).
6
Let u(p) = 3*p + 15. Calculate u(16).
63
Let m(r) = 132*r + 803. What is m(-6)?
11
Let b(l) = -15*l + 85. Determine b(7).
-20
Let b(f) = -3*f + 23. Give b(13).
-16
Let b(w) = 3*w**2 - 12*w - 6. What is b(6)?
30
Let s(d) = 66*d**3 + d**2 - 3*d + 1. Calculate s(1).
65
Let v(s) = -20*s - 267. What is v(-12)?
-27
Let g(d) = 9*d**2 - 2. Calculate g(2).
34
Let c(o) = 2*o**2 - 29*o + 2. Calculate c(14).
-12
Let l(g) = -6*g**3 + g**2 + g - 1. Give l(2).
-43
Let f(s) = -s**2 + 20*s + 23. What is f(21)?
2
Let s(h) = -5*h. Determine s(4).
-20
Let b(q) = q**3 + 11*q**2 - 3. Calculate b(-9).
159
Let i(g) = 3*g - 45. Give i(16).
3
Let i(l) = 3*l - 59. What is i(19)?
-2
Let k(s) = 13*s + 89. Give k(-6).
11
Let b(z) = z**2 - 9*z - 1. What is b(9)?
-1
Let m(q) = 2*q + 23. Give m(-7).
9
Let b(t) = -6*t + 64. Determine b(11).
-2
Let i(s) = -3*s**2 + 2*s + 13. What is i(0)?
13
Let b(c) = -c**3 - 17*c**2 - 49*c + 1. Calculate b(-13).
-38
Let v(u) = -42*u + 89. Calculate v(2).
5
Let w(p) = p + 11. Determine w(9).
20
Let i(b) = -b**2 + 12*b - 12. Give i(6).
24
Let r(q) = -q**2 - 4*q - 12. Calculate r(-2).
-8
Let p(v) = -v**2 - 2*v + 5. Give p(-3).
2
Let w(r) = -6*r**2 + 69*r - 15. Calculate w(13).
-132
Let v(l) = l**3 - 5*l**2 + 4*l - 3. Give v(2).
-7
Let g(i) = -2*i - 13. Give g(-5).
-3
Let d(q) = -94*q + 196. Give d(2).
8
Let n(h) = -h**3 + 5*h**2 - 10*h + 13. Calculate n(4).
-11
Let y(k) = k**2 + 20*k + 94. Calculate y(-7).
3
Let l(z) = -z**2 - 5*z + 1. What is l(-2)?
7
Let h(i) = i**2 + 2*i - 1. Calculate h(-3).
2
Let p(l) = -l**2 - 25*l - 117. What is p(-6)?
-3
Let d(n) = 4*n + 77. Calculate d(-16).
13
Let f(z) = -z**3 + 5*z**2 - z + 2. Calculate f(5).
-3
Let u(l) = -2*l**2 - 8*l + 5. Calculate u(-5).
-5
Let p(f) = -4*f - 2. Calculate p(0).
-2
Let v(b) = -24*b. Calculate v(-1).
24
Let x(k) = -2*k**2 - 3*k - 5. Give x(-1).
-4
Let j